{"id":29,"date":"2019-05-13T22:43:58","date_gmt":"2019-05-13T20:43:58","guid":{"rendered":"http:\/\/www.lea-asbl.be\/wordpress\/?page_id=29"},"modified":"2025-05-20T19:41:23","modified_gmt":"2025-05-20T17:41:23","slug":"contacts-dons","status":"publish","type":"page","link":"https:\/\/www.lea-asbl.be\/wordpress\/index.php\/contacts-dons\/","title":{"rendered":"Contacts &#038; Dons"},"content":{"rendered":"<div id=\"fb-root\"><\/div>\n\n<p>L.E.A. &#8211; Les Enfants D&rsquo;abord\u2026 Les Enfants A Bord &#8211; ASBL<\/p>\n\n\n\n<ul><li>Pr\u00e9sident: Jenard Marie-Laure<\/li><li>Secr\u00e9taire: Momin Vincent<\/li><li>Tr\u00e9sorier: Valerie Nebroj<\/li><\/ul>\n\n\n\n<p><a href=\"mailto:info@lea-asbl.be\">info@lea-asbl.be<\/a> <\/p>\n\n\n\n<p>20,Dr\u00e9ve du petit p\u00e8re Denis<br>B &#8211; 1420 Braine l&rsquo;Alleud<\/p>\n\n\n\n<p>TVA BE 0894.165.103<\/p>\n\n\n\n<p> <\/p>\n\n\n\n<p>A partir de 40 Euros, vos dons b\u00e9n\u00e9ficieront de la d\u00e9ductibilit\u00e9 fiscale.<br>IBAN: BE54068955680197    <\/p>\n\n\n\n<div class=\"wp-container-3 wp-block-columns has-2-columns\">\n<div class=\"wp-container-1 wp-block-column\">\n<figure class=\"wp-block-image size-full\"><img loading=\"lazy\" width=\"413\" height=\"236\" src=\"https:\/\/www.lea-asbl.be\/wordpress\/wp-content\/uploads\/2020\/06\/donorinfo-FR.png\" alt=\"\" class=\"wp-image-319\" srcset=\"https:\/\/www.lea-asbl.be\/wordpress\/wp-content\/uploads\/2020\/06\/donorinfo-FR.png 413w, https:\/\/www.lea-asbl.be\/wordpress\/wp-content\/uploads\/2020\/06\/donorinfo-FR-300x171.png 300w\" sizes=\"(max-width: 413px) 100vw, 413px\" \/><\/figure>\n<\/div>\n\n\n\n<div class=\"wp-container-2 wp-block-column\">\n<p>Nos comptes annuels contr\u00f4l\u00e9s sont publi\u00e9s en toute transparence sur&nbsp;<a href=\"https:\/\/donorinfo.be\/fr\/organization\/asbl-lea-kab-vzw\">www.donorinfo.be<\/a>, premier site belge d\u2019information ind\u00e9pendante sur les activit\u00e9s et les moyens financiers des organisations philanthropiques qui aident les personnes dans le besoin.<\/p>\n<\/div>\n<\/div>\n","protected":false},"excerpt":{"rendered":"<p>L.E.A. &#8211; Les Enfants D&rsquo;abord\u2026 Les Enfants A Bord &#8211; ASBL Pr\u00e9sident: Jenard Marie-Laure Secr\u00e9taire: Momin Vincent Tr\u00e9sorier: Valerie Nebroj info@lea-asbl.be 20,Dr\u00e9ve du petit p\u00e8re DenisB &#8211; 1420 Braine l&rsquo;Alleud TVA BE 0894.165.103 A partir de 40 Euros, vos dons b\u00e9n\u00e9ficieront de la d\u00e9ductibilit\u00e9 fiscale.IBAN: BE54068955680197<\/p>\n","protected":false},"author":1,"featured_media":0,"parent":0,"menu_order":0,"comment_status":"closed","ping_status":"closed","template":"","meta":[],"_links":{"self":[{"href":"https:\/\/www.lea-asbl.be\/wordpress\/index.php\/wp-json\/wp\/v2\/pages\/29"}],"collection":[{"href":"https:\/\/www.lea-asbl.be\/wordpress\/index.php\/wp-json\/wp\/v2\/pages"}],"about":[{"href":"https:\/\/www.lea-asbl.be\/wordpress\/index.php\/wp-json\/wp\/v2\/types\/page"}],"author":[{"embeddable":true,"href":"https:\/\/www.lea-asbl.be\/wordpress\/index.php\/wp-json\/wp\/v2\/users\/1"}],"replies":[{"embeddable":true,"href":"https:\/\/www.lea-asbl.be\/wordpress\/index.php\/wp-json\/wp\/v2\/comments?post=29"}],"version-history":[{"count":27,"href":"https:\/\/www.lea-asbl.be\/wordpress\/index.php\/wp-json\/wp\/v2\/pages\/29\/revisions"}],"predecessor-version":[{"id":494,"href":"https:\/\/www.lea-asbl.be\/wordpress\/index.php\/wp-json\/wp\/v2\/pages\/29\/revisions\/494"}],"wp:attachment":[{"href":"https:\/\/www.lea-asbl.be\/wordpress\/index.php\/wp-json\/wp\/v2\/media?parent=29"}],"curies":[{"name":"wp","href":"https:\/\/api.w.org\/{rel}","templated":true}]}}